{"id":9,"date":"2024-05-06T15:38:50","date_gmt":"2024-05-06T13:38:50","guid":{"rendered":"http:\/\/km5biere.com\/?page_id=9"},"modified":"2025-11-14T16:24:00","modified_gmt":"2025-11-14T15:24:00","slug":"bieres","status":"publish","type":"page","link":"https:\/\/km5biere.com\/index.php\/bieres\/","title":{"rendered":"Bi\u00e8res"},"content":{"rendered":"\t\t<div data-elementor-type=\"wp-page\" data-elementor-id=\"9\" class=\"elementor elementor-9\">\n\t\t\t\t<div class=\"elementor-element elementor-element-1ff8a1e e-flex e-con-boxed e-con e-parent\" data-id=\"1ff8a1e\" data-element_type=\"container\">\n\t\t\t\t\t<div class=\"e-con-inner\">\n\t\t<div class=\"elementor-element elementor-element-1f707d8 e-con-full e-flex e-con e-child\" data-id=\"1f707d8\" data-element_type=\"container\">\n\t\t\t\t<div class=\"elementor-element elementor-element-c4a8455 elementor-widget elementor-widget-image\" data-id=\"c4a8455\" data-element_type=\"widget\" data-widget_type=\"image.default\">\n\t\t\t\t<div class=\"elementor-widget-container\">\n\t\t\t\t\t\t\t\t\t\t\t\t\t\t\t<img fetchpriority=\"high\" decoding=\"async\" width=\"681\" height=\"1024\" src=\"https:\/\/km5biere.com\/wp-content\/uploads\/2024\/07\/Bouteille-Golden-Ale-1-scaled.jpg\" class=\"attachment-large size-large wp-image-142\" alt=\"garden beer\" srcset=\"https:\/\/km5biere.com\/wp-content\/uploads\/2024\/07\/Bouteille-Golden-Ale-1-scaled.jpg 1703w, https:\/\/km5biere.com\/wp-content\/uploads\/2024\/07\/Bouteille-Golden-Ale-1-scaled-300x451.jpg 300w, https:\/\/km5biere.com\/wp-content\/uploads\/2024\/07\/Bouteille-Golden-Ale-1-scaled-600x902.jpg 600w\" sizes=\"100vw\" \/>\t\t\t\t\t\t\t\t\t\t\t\t\t\t\t<\/div>\n\t\t\t\t<\/div>\n\t\t\t\t<div class=\"elementor-element elementor-element-662c07c elementor-widget elementor-widget-heading\" data-id=\"662c07c\" data-element_type=\"widget\" data-widget_type=\"heading.default\">\n\t\t\t\t<div class=\"elementor-widget-container\">\n\t\t\t\t\t<h2 class=\"elementor-heading-title elementor-size-default\">GOLDEN ALE<\/h2>\t\t\t\t<\/div>\n\t\t\t\t<\/div>\n\t\t\t\t<div class=\"elementor-element elementor-element-fb8f72f elementor-widget elementor-widget-text-editor\" data-id=\"fb8f72f\" data-element_type=\"widget\" data-widget_type=\"text-editor.default\">\n\t\t\t\t<div class=\"elementor-widget-container\">\n\t\t\t\t\t\t\t\t\t<p style=\"text-align: center;\">Bi\u00e8re Blonde inspir\u00e9e par les bi\u00e8res de type Allemandes.\u00a0<\/p><p style=\"text-align: center;\">C&#8217;est une bi\u00e8re l\u00e9g\u00e8re tr\u00e8s agr\u00e9able \u00e0 boire qui de distingue notamment par son caract\u00e8re doux, fruit\u00e9 et par une t\u00eate de mousse tr\u00e8s cr\u00e9meuse.\u00a0<\/p>\t\t\t\t\t\t\t\t<\/div>\n\t\t\t\t<\/div>\n\t\t\t\t<\/div>\n\t\t<div class=\"elementor-element elementor-element-0fef3fb e-con-full e-flex e-con e-child\" data-id=\"0fef3fb\" data-element_type=\"container\">\n\t\t\t\t<div class=\"elementor-element elementor-element-7338487 elementor-widget elementor-widget-image\" data-id=\"7338487\" data-element_type=\"widget\" data-widget_type=\"image.default\">\n\t\t\t\t<div class=\"elementor-widget-container\">\n\t\t\t\t\t\t\t\t\t\t\t\t\t\t\t<img decoding=\"async\" width=\"681\" height=\"1024\" src=\"https:\/\/km5biere.com\/wp-content\/uploads\/2024\/07\/Bouteille-Patagonia-1-scaled.jpeg\" class=\"attachment-large size-large wp-image-149\" alt=\"\" srcset=\"https:\/\/km5biere.com\/wp-content\/uploads\/2024\/07\/Bouteille-Patagonia-1-scaled.jpeg 1703w, https:\/\/km5biere.com\/wp-content\/uploads\/2024\/07\/Bouteille-Patagonia-1-scaled-300x451.jpeg 300w, https:\/\/km5biere.com\/wp-content\/uploads\/2024\/07\/Bouteille-Patagonia-1-scaled-600x902.jpeg 600w\" sizes=\"100vw\" \/>\t\t\t\t\t\t\t\t\t\t\t\t\t\t\t<\/div>\n\t\t\t\t<\/div>\n\t\t\t\t<div class=\"elementor-element elementor-element-2961e9f elementor-widget elementor-widget-heading\" data-id=\"2961e9f\" data-element_type=\"widget\" data-widget_type=\"heading.default\">\n\t\t\t\t<div class=\"elementor-widget-container\">\n\t\t\t\t\t<h2 class=\"elementor-heading-title elementor-size-default\">PATAGONIA<\/h2>\t\t\t\t<\/div>\n\t\t\t\t<\/div>\n\t\t\t\t<div class=\"elementor-element elementor-element-fb45b1d elementor-widget elementor-widget-text-editor\" data-id=\"fb45b1d\" data-element_type=\"widget\" data-widget_type=\"text-editor.default\">\n\t\t\t\t<div class=\"elementor-widget-container\">\n\t\t\t\t\t\t\t\t\t<p style=\"text-align: center;\">Bi\u00e8re Blonde d&#8217;origine Argentine. C&#8217;est la compagne id\u00e9ale de l&#8217;\u00e9t\u00e9.\u00a0<\/p><p style=\"text-align: center;\">Nous brassons cette bi\u00e8re avec notre houblon que nous cultivons.<\/p><p style=\"text-align: center;\">Elle se distingue par sa robe blonde et ses touches de citron et d&#8217;\u00e9pices en arri\u00e8re-plan.\u00a0<\/p>\t\t\t\t\t\t\t\t<\/div>\n\t\t\t\t<\/div>\n\t\t\t\t<\/div>\n\t\t<div class=\"elementor-element elementor-element-240a3a9 e-con-full e-flex e-con e-child\" data-id=\"240a3a9\" data-element_type=\"container\">\n\t\t\t\t<div class=\"elementor-element elementor-element-44b6cb6 elementor-widget elementor-widget-image\" data-id=\"44b6cb6\" data-element_type=\"widget\" data-widget_type=\"image.default\">\n\t\t\t\t<div class=\"elementor-widget-container\">\n\t\t\t\t\t\t\t\t\t\t\t\t\t\t\t<img decoding=\"async\" width=\"681\" height=\"1024\" src=\"https:\/\/km5biere.com\/wp-content\/uploads\/2024\/07\/Bouteille-Honey-1-scaled.jpg\" class=\"attachment-large size-large wp-image-146\" alt=\"bi\u00e8re\" srcset=\"https:\/\/km5biere.com\/wp-content\/uploads\/2024\/07\/Bouteille-Honey-1-scaled.jpg 1703w, https:\/\/km5biere.com\/wp-content\/uploads\/2024\/07\/Bouteille-Honey-1-scaled-300x451.jpg 300w, https:\/\/km5biere.com\/wp-content\/uploads\/2024\/07\/Bouteille-Honey-1-scaled-600x902.jpg 600w\" sizes=\"100vw\" \/>\t\t\t\t\t\t\t\t\t\t\t\t\t\t\t<\/div>\n\t\t\t\t<\/div>\n\t\t\t\t<div class=\"elementor-element elementor-element-f4eca2b elementor-widget elementor-widget-heading\" data-id=\"f4eca2b\" data-element_type=\"widget\" data-widget_type=\"heading.default\">\n\t\t\t\t<div class=\"elementor-widget-container\">\n\t\t\t\t\t<h2 class=\"elementor-heading-title elementor-size-default\">HONEY<\/h2>\t\t\t\t<\/div>\n\t\t\t\t<\/div>\n\t\t\t\t<div class=\"elementor-element elementor-element-66ab446 elementor-widget elementor-widget-text-editor\" data-id=\"66ab446\" data-element_type=\"widget\" data-widget_type=\"text-editor.default\">\n\t\t\t\t<div class=\"elementor-widget-container\">\n\t\t\t\t\t\t\t\t\t<p style=\"text-align: center;\">La Honey est une bi\u00e8re blonde d&#8217;origine celtique.\u00a0<\/p><p style=\"text-align: center;\">Qui se caract\u00e9rise par ses notes douces de miel en finale de bouche, cr\u00e9ant un \u00e9quilibre id\u00e9al avec l&#8217;amertume du houblon. (Le miel provient d&#8217;un producteur local et\u00a0 bio)<\/p>\t\t\t\t\t\t\t\t<\/div>\n\t\t\t\t<\/div>\n\t\t\t\t<\/div>\n\t\t<div class=\"elementor-element elementor-element-9f5cc95 e-con-full e-flex e-con e-child\" data-id=\"9f5cc95\" data-element_type=\"container\">\n\t\t\t\t<div class=\"elementor-element elementor-element-75b3215 elementor-widget elementor-widget-image\" data-id=\"75b3215\" data-element_type=\"widget\" data-widget_type=\"image.default\">\n\t\t\t\t<div class=\"elementor-widget-container\">\n\t\t\t\t\t\t\t\t\t\t\t\t\t\t\t<img loading=\"lazy\" decoding=\"async\" width=\"681\" height=\"1024\" src=\"https:\/\/km5biere.com\/wp-content\/uploads\/2024\/07\/Bouteille-IPA-1-scaled.jpeg\" class=\"attachment-large size-large wp-image-147\" alt=\"bi\u00e8re aromatique\" srcset=\"https:\/\/km5biere.com\/wp-content\/uploads\/2024\/07\/Bouteille-IPA-1-scaled.jpeg 1703w, https:\/\/km5biere.com\/wp-content\/uploads\/2024\/07\/Bouteille-IPA-1-scaled-300x451.jpeg 300w, https:\/\/km5biere.com\/wp-content\/uploads\/2024\/07\/Bouteille-IPA-1-scaled-600x902.jpeg 600w\" sizes=\"100vw\" \/>\t\t\t\t\t\t\t\t\t\t\t\t\t\t\t<\/div>\n\t\t\t\t<\/div>\n\t\t\t\t<div class=\"elementor-element elementor-element-cc9fe4f elementor-widget elementor-widget-heading\" data-id=\"cc9fe4f\" data-element_type=\"widget\" data-widget_type=\"heading.default\">\n\t\t\t\t<div class=\"elementor-widget-container\">\n\t\t\t\t\t<h2 class=\"elementor-heading-title elementor-size-default\">IPA<\/h2>\t\t\t\t<\/div>\n\t\t\t\t<\/div>\n\t\t\t\t<div class=\"elementor-element elementor-element-42b818e elementor-widget elementor-widget-text-editor\" data-id=\"42b818e\" data-element_type=\"widget\" data-widget_type=\"text-editor.default\">\n\t\t\t\t<div class=\"elementor-widget-container\">\n\t\t\t\t\t\t\t\t\t<p style=\"text-align: center;\">La vari\u00e9t\u00e9 pr\u00e9f\u00e9r\u00e9e des amoureux de la bi\u00e8re artisanale!<\/p><p style=\"text-align: center;\">Il s&#8217;agit d&#8217;une bi\u00e8re de caract\u00e8re, avec des ar\u00f4mes exotiques marqu\u00e9s par ses houblons am\u00e9ricains.\u00a0<\/p>\t\t\t\t\t\t\t\t<\/div>\n\t\t\t\t<\/div>\n\t\t\t\t<\/div>\n\t\t\t\t\t<\/div>\n\t\t\t\t<\/div>\n\t\t<div class=\"elementor-element elementor-element-47ca552 e-flex e-con-boxed e-con e-parent\" data-id=\"47ca552\" data-element_type=\"container\">\n\t\t\t\t\t<div class=\"e-con-inner\">\n\t\t<div class=\"elementor-element elementor-element-e6e2eda e-con-full e-flex e-con e-child\" data-id=\"e6e2eda\" data-element_type=\"container\">\n\t\t\t\t<div class=\"elementor-element elementor-element-c727936 elementor-widget elementor-widget-image\" data-id=\"c727936\" data-element_type=\"widget\" data-widget_type=\"image.default\">\n\t\t\t\t<div class=\"elementor-widget-container\">\n\t\t\t\t\t\t\t\t\t\t\t\t\t\t\t<img loading=\"lazy\" decoding=\"async\" width=\"681\" height=\"1024\" src=\"https:\/\/km5biere.com\/wp-content\/uploads\/2024\/07\/Bouteille-Pale-Ale-1-scaled.jpg\" class=\"attachment-large size-large wp-image-148\" alt=\"bi\u00e8re raisin\" srcset=\"https:\/\/km5biere.com\/wp-content\/uploads\/2024\/07\/Bouteille-Pale-Ale-1-scaled.jpg 1703w, https:\/\/km5biere.com\/wp-content\/uploads\/2024\/07\/Bouteille-Pale-Ale-1-scaled-300x451.jpg 300w, https:\/\/km5biere.com\/wp-content\/uploads\/2024\/07\/Bouteille-Pale-Ale-1-scaled-600x902.jpg 600w\" sizes=\"100vw\" \/>\t\t\t\t\t\t\t\t\t\t\t\t\t\t\t<\/div>\n\t\t\t\t<\/div>\n\t\t\t\t<div class=\"elementor-element elementor-element-92e38e0 elementor-widget elementor-widget-heading\" data-id=\"92e38e0\" data-element_type=\"widget\" data-widget_type=\"heading.default\">\n\t\t\t\t<div class=\"elementor-widget-container\">\n\t\t\t\t\t<h2 class=\"elementor-heading-title elementor-size-default\">GRAPE ALE<\/h2>\t\t\t\t<\/div>\n\t\t\t\t<\/div>\n\t\t\t\t<div class=\"elementor-element elementor-element-772cb5c elementor-widget elementor-widget-text-editor\" data-id=\"772cb5c\" data-element_type=\"widget\" data-widget_type=\"text-editor.default\">\n\t\t\t\t<div class=\"elementor-widget-container\">\n\t\t\t\t\t\t\t\t\t<p style=\"text-align: center;\">Bi\u00e8re blonde d&#8217;origine Italienne.<\/p><p style=\"text-align: center;\">Ce type de bi\u00e8re est brass\u00e9e 1 fois par an (au moment de la r\u00e9colte). Le raisin est issu d&#8217;un c\u00e9page de cabernet Franc, r\u00e9colt\u00e9 \u00e0 la main par un vigneron de notre village.\u00a0<\/p><p style=\"text-align: center;\">Cette bi\u00e8re se caract\u00e9rise par ses ar\u00f4mes fruit\u00e9s en fin de bouche.\u00a0\u00a0<\/p>\t\t\t\t\t\t\t\t<\/div>\n\t\t\t\t<\/div>\n\t\t\t\t<\/div>\n\t\t<div class=\"elementor-element elementor-element-745c277 e-con-full e-flex e-con e-child\" data-id=\"745c277\" data-element_type=\"container\">\n\t\t\t\t<div class=\"elementor-element elementor-element-35643ed elementor-widget elementor-widget-image\" data-id=\"35643ed\" data-element_type=\"widget\" data-widget_type=\"image.default\">\n\t\t\t\t<div class=\"elementor-widget-container\">\n\t\t\t\t\t\t\t\t\t\t\t\t\t\t\t<img loading=\"lazy\" decoding=\"async\" width=\"681\" height=\"1024\" src=\"https:\/\/km5biere.com\/wp-content\/uploads\/2024\/07\/Bouteille-Brown-Ale.png\" class=\"attachment-large size-large wp-image-218\" alt=\"bi\u00e8re vin\" srcset=\"https:\/\/km5biere.com\/wp-content\/uploads\/2024\/07\/Bouteille-Brown-Ale.png 1703w, https:\/\/km5biere.com\/wp-content\/uploads\/2024\/07\/Bouteille-Brown-Ale-300x451.png 300w, https:\/\/km5biere.com\/wp-content\/uploads\/2024\/07\/Bouteille-Brown-Ale-600x902.png 600w\" sizes=\"100vw\" \/>\t\t\t\t\t\t\t\t\t\t\t\t\t\t\t<\/div>\n\t\t\t\t<\/div>\n\t\t\t\t<div class=\"elementor-element elementor-element-6c97962 elementor-widget elementor-widget-heading\" data-id=\"6c97962\" data-element_type=\"widget\" data-widget_type=\"heading.default\">\n\t\t\t\t<div class=\"elementor-widget-container\">\n\t\t\t\t\t<h2 class=\"elementor-heading-title elementor-size-default\">BARLEY WINE <\/h2>\t\t\t\t<\/div>\n\t\t\t\t<\/div>\n\t\t\t\t<div class=\"elementor-element elementor-element-1cfbc66 elementor-widget elementor-widget-text-editor\" data-id=\"1cfbc66\" data-element_type=\"widget\" data-widget_type=\"text-editor.default\">\n\t\t\t\t<div class=\"elementor-widget-container\">\n\t\t\t\t\t\t\t\t\t<p style=\"text-align: center;\">Bi\u00e8re ambr\u00e9e d&#8217;origine Anglaise datant du 19\u00e9me si\u00e8cle.<\/p><p style=\"text-align: center;\">La barley wine est \u00e9lev\u00e9e 18 mois en barrique ayant eu du Merlot.<\/p><p style=\"text-align: center;\">Les ar\u00f4mes d\u00e9voil\u00e9s porteront sur le caramel, le miel ainsi que sur les fruits rouges.\u00a0<\/p>\t\t\t\t\t\t\t\t<\/div>\n\t\t\t\t<\/div>\n\t\t\t\t<\/div>\n\t\t<div class=\"elementor-element elementor-element-328f31c e-con-full e-flex e-con e-child\" data-id=\"328f31c\" data-element_type=\"container\">\n\t\t\t\t<div class=\"elementor-element elementor-element-d453d32 elementor-widget elementor-widget-image\" data-id=\"d453d32\" data-element_type=\"widget\" data-widget_type=\"image.default\">\n\t\t\t\t<div class=\"elementor-widget-container\">\n\t\t\t\t\t\t\t\t\t\t\t\t\t\t\t<img loading=\"lazy\" decoding=\"async\" width=\"681\" height=\"1024\" src=\"https:\/\/km5biere.com\/wp-content\/uploads\/2024\/07\/Bouteille-Scotch-1-scaled.jpeg\" class=\"attachment-large size-large wp-image-150\" alt=\"bi\u00e8re ambr\u00e9\" srcset=\"https:\/\/km5biere.com\/wp-content\/uploads\/2024\/07\/Bouteille-Scotch-1-scaled.jpeg 1703w, https:\/\/km5biere.com\/wp-content\/uploads\/2024\/07\/Bouteille-Scotch-1-scaled-300x451.jpeg 300w, https:\/\/km5biere.com\/wp-content\/uploads\/2024\/07\/Bouteille-Scotch-1-scaled-600x902.jpeg 600w\" sizes=\"100vw\" \/>\t\t\t\t\t\t\t\t\t\t\t\t\t\t\t<\/div>\n\t\t\t\t<\/div>\n\t\t\t\t<div class=\"elementor-element elementor-element-4b6e2a6 elementor-widget elementor-widget-heading\" data-id=\"4b6e2a6\" data-element_type=\"widget\" data-widget_type=\"heading.default\">\n\t\t\t\t<div class=\"elementor-widget-container\">\n\t\t\t\t\t<h2 class=\"elementor-heading-title elementor-size-default\">SCOTCH<\/h2>\t\t\t\t<\/div>\n\t\t\t\t<\/div>\n\t\t\t\t<div class=\"elementor-element elementor-element-8cfd9bf elementor-widget elementor-widget-text-editor\" data-id=\"8cfd9bf\" data-element_type=\"widget\" data-widget_type=\"text-editor.default\">\n\t\t\t\t<div class=\"elementor-widget-container\">\n\t\t\t\t\t\t\t\t\t<p style=\"text-align: center;\">Bi\u00e8re ambr\u00e9e d&#8217;origine Ecossaise.\u00a0<\/p><p style=\"text-align: center;\">Avec une couleur rouge intense, cette bi\u00e8re se caract\u00e9rise par son go\u00fbt malt\u00e9 avec des notes de caramel toast\u00e9.\u00a0<\/p><p style=\"text-align: center;\">Gr\u00e2ce \u00e0 ses houblons anglais, son go\u00fbt\u00a0 est d\u00e9licat et sucr\u00e9.\u00a0<\/p>\t\t\t\t\t\t\t\t<\/div>\n\t\t\t\t<\/div>\n\t\t\t\t<\/div>\n\t\t<div class=\"elementor-element elementor-element-57a3066 e-con-full e-flex e-con e-child\" data-id=\"57a3066\" data-element_type=\"container\">\n\t\t\t\t<div class=\"elementor-element elementor-element-946951a elementor-widget elementor-widget-image\" data-id=\"946951a\" data-element_type=\"widget\" data-widget_type=\"image.default\">\n\t\t\t\t<div class=\"elementor-widget-container\">\n\t\t\t\t\t\t\t\t\t\t\t\t\t\t\t<img loading=\"lazy\" decoding=\"async\" width=\"681\" height=\"1024\" src=\"https:\/\/km5biere.com\/wp-content\/uploads\/2024\/07\/Bouteille-porter.png\" class=\"attachment-large size-large wp-image-151\" alt=\"bi\u00e8re porter\" srcset=\"https:\/\/km5biere.com\/wp-content\/uploads\/2024\/07\/Bouteille-porter.png 1703w, https:\/\/km5biere.com\/wp-content\/uploads\/2024\/07\/Bouteille-porter-300x451.png 300w, https:\/\/km5biere.com\/wp-content\/uploads\/2024\/07\/Bouteille-porter-600x902.png 600w\" sizes=\"100vw\" \/>\t\t\t\t\t\t\t\t\t\t\t\t\t\t\t<\/div>\n\t\t\t\t<\/div>\n\t\t\t\t<div class=\"elementor-element elementor-element-e78438c elementor-widget elementor-widget-heading\" data-id=\"e78438c\" data-element_type=\"widget\" data-widget_type=\"heading.default\">\n\t\t\t\t<div class=\"elementor-widget-container\">\n\t\t\t\t\t<h2 class=\"elementor-heading-title elementor-size-default\">PORTER<\/h2>\t\t\t\t<\/div>\n\t\t\t\t<\/div>\n\t\t\t\t<div class=\"elementor-element elementor-element-dd5fed5 elementor-widget elementor-widget-text-editor\" data-id=\"dd5fed5\" data-element_type=\"widget\" data-widget_type=\"text-editor.default\">\n\t\t\t\t<div class=\"elementor-widget-container\">\n\t\t\t\t\t\t\t\t\t<p style=\"text-align: center;\">Bi\u00e8re Brune d&#8217;origine Anglaise.\u00a0<\/p><p style=\"text-align: center;\">C&#8217;est une bi\u00e8re que se distingue par son ar\u00f4me de caf\u00e9 torr\u00e9fi\u00e9 sans \u00eatre trop am\u00e8re en bouche.\u00a0<\/p><p style=\"text-align: center;\">Elle \u00e9tait d&#8217;ailleurs tr\u00e8s populaire parmi la classe ouvri\u00e8re au 18\u00e8me si\u00e8cle.<\/p>\t\t\t\t\t\t\t\t<\/div>\n\t\t\t\t<\/div>\n\t\t\t\t<\/div>\n\t\t\t\t\t<\/div>\n\t\t\t\t<\/div>\n\t\t\t\t<\/div>\n\t\t","protected":false},"excerpt":{"rendered":"<p>GOLDEN ALE Bi\u00e8re Blonde inspir\u00e9e par les bi\u00e8res de type Allemandes.\u00a0 C&#8217;est une bi\u00e8re l\u00e9g\u00e8re tr\u00e8s agr\u00e9able \u00e0 boire qui de distingue notamment par son caract\u00e8re doux, fruit\u00e9 et par une t\u00eate de mousse tr\u00e8s cr\u00e9meuse.\u00a0 PATAGONIA Bi\u00e8re Blonde d&#8217;origine Argentine. C&#8217;est la compagne id\u00e9ale de l&#8217;\u00e9t\u00e9.\u00a0 Nous brassons cette bi\u00e8re avec notre houblon que &hellip; <\/p>\n<p class=\"link-more\"><a href=\"https:\/\/km5biere.com\/index.php\/bieres\/\" class=\"more-link\">Lire la suite de<span class=\"screen-reader-text\">\u00ab\u00a0Bi\u00e8res\u00a0\u00bb<\/span><\/a><\/p>\n","protected":false},"author":1,"featured_media":223,"parent":0,"menu_order":0,"comment_status":"closed","ping_status":"closed","template":"","meta":{"footnotes":""},"class_list":["post-9","page","type-page","status-publish","has-post-thumbnail","hentry"],"_links":{"self":[{"href":"https:\/\/km5biere.com\/index.php\/wp-json\/wp\/v2\/pages\/9","targetHints":{"allow":["GET"]}}],"collection":[{"href":"https:\/\/km5biere.com\/index.php\/wp-json\/wp\/v2\/pages"}],"about":[{"href":"https:\/\/km5biere.com\/index.php\/wp-json\/wp\/v2\/types\/page"}],"author":[{"embeddable":true,"href":"https:\/\/km5biere.com\/index.php\/wp-json\/wp\/v2\/users\/1"}],"replies":[{"embeddable":true,"href":"https:\/\/km5biere.com\/index.php\/wp-json\/wp\/v2\/comments?post=9"}],"version-history":[{"count":95,"href":"https:\/\/km5biere.com\/index.php\/wp-json\/wp\/v2\/pages\/9\/revisions"}],"predecessor-version":[{"id":419,"href":"https:\/\/km5biere.com\/index.php\/wp-json\/wp\/v2\/pages\/9\/revisions\/419"}],"wp:featuredmedia":[{"embeddable":true,"href":"https:\/\/km5biere.com\/index.php\/wp-json\/wp\/v2\/media\/223"}],"wp:attachment":[{"href":"https:\/\/km5biere.com\/index.php\/wp-json\/wp\/v2\/media?parent=9"}],"curies":[{"name":"wp","href":"https:\/\/api.w.org\/{rel}","templated":true}]}}